of n?
11, 107
Suppose -v = 5*o + 2*v - 4, -5*o + 5*v = 20. List the prime factors of 38/38 - (-875 + 2/o).
2, 439
Let j = 7073 + 8227. Suppose j = -8*a + 18*a. List the prime factors of a.
2, 3, 5, 17
Suppose 8493492 = 39*h + 249*h - 2375628. What are the prime factors of h?
2, 3, 5, 17, 37
Let l(t) = -6*t**3 + 10*t**2 + 4*t - 6. Let m(r) = 11*r**3 - 21*r**2 - 7*r + 13. Let y(h) = -5*l(h) - 3*m(h). What are the prime factors of y(-7)?
2, 3, 5, 11
Let f = 49 - 33. Suppose 5*a + f = -4*m, 2*a - 3*m - 12 = -0. Suppose a = -5*p - k + 444, -2*p = k + 108 - 288. What are the prime factors of p?
2, 11
Let y(u) = -u**3 + 2*u**2 + 2*u + 6. Let o be y(-4). Let n = 96 - o. Suppose -n*t + 3*x + 26 = 0, 3*x - x = -3*t + 39. List the prime factors of t.
13
Suppose 0 = 18*j - 202406 - 147388. List the prime factors of j.
19433
Let y(v) = -v**3 - 25*v**2 - 66*v + 2. Let s be y(-22). Suppose s*w - 4*h - 3772 = -w, w = 2*h + 1254. List the prime factors of w.
2, 79
Let x be (4/10)/(1/20). Let q be 18/x*32/24. Suppose -q*w + 405 = 2*w. List the prime factors of w.
3
Let n = 40376 - 25176. List the prime factors of n.
2, 5, 19
Let i = 47627 - 7384. What are the prime factors of i?
7, 5749
Let b be (-3073 - 5)/(-3) - 0. Let n = b + -419. List the prime factors of n.
607
Let d = 834 + -832. Suppose d*f - 5*v - 423 = 0, -2*v + 108 = -5*f + 1218. List the prime factors of f.
2, 7
Suppose -41*l = 69*l - 520960. List the prime factors of l.
2, 37
Let k(o) = -o + 7. Let m be k(4). Suppose -m*t + 6*w + 7929 = 4*w, 4*w = -3*t + 7947. Suppose 0 = -9*x - 557 + t. What are the prime factors of x?
2, 29
Suppose -4*a + 0*a + 4 = u, -3*u + 3*a + 72 = 0. Suppose 0 = -11*k + 13 + u. Suppose -k*x = -7*x + 344. List the prime factors of x.
2, 43
What are the prime factors of ((-333260)/8)/(-19)*(-4)/(-10)?
877
Suppose -5*g + 3*q + 459072 = -0*q, -2*g - q + 183620 = 0. List the prime factors of g/96 - 3/32*4.
2, 239
Let b(y) be the first derivative of 35*y**3/3 - 4*y - 1. Let a be ((-3)/(-2))/(9/(-18)) + 1. List the prime factors of b(a).
2, 17
Suppose 733 + 189 = -2*u. Let x = u + 829. List the prime factors of x.
2, 23
Let s(o) = -o**3 + 15*o**2 + 40*o - 27. Suppose 7*n - 256 = -9*n. What are the prime factors of s(n)?
3, 7, 17
Let l = 3888 - 3869. Suppose 3*i - 179 = -4*k, -k + i - 3 = -46. Let c = l + k. List the prime factors of c.
3, 7
Let d be 0 + -4 - 12/(84/(-2821)). Suppose 5*g = -h + 1018, 592 + d = h - 4*g. What are the prime factors of h?
17, 59
Let w = 118039 + -68309. What are the prime factors of w?
2, 5, 4973
Suppose -15*y + 2436 = -y. Suppose m + y = 38. Let z = -21 - m. What are the prime factors of z?
5, 23
Suppose 1980 = -3*m + 3*v, -4 = -3*v + v. Let j = 682 + m. What are the prime factors of j?
2, 3
Let u = -7667 + -4978. What are the prime factors of (-2 - u/18)*(-6)/(-9)?
467
Let z(i) = -2516*i + 5737. List the prime factors of z(-7).
3, 43, 181
List the prime factors of 6/(-9)*46/(-115)*(-658995)/(-4).
43933
Let c be ((-12)/9)/(4/(-6)). Suppose 0 = -5*i - v + 31, 4*v = i - 3*i - c. List the prime factors of 2/i + (-4300)/(-140).
31
Let d be ((-15)/6 + 3)/(1/2). Let v be d/(4/(-22)) + 7/14. Let u = 115 + v. List the prime factors of u.
2, 5, 11
Let o = 2365 - 1344. Let z = -408 + o. List the prime factors of z.
613
Suppose -28 = -3*g + 35. Suppose -g*d = -15*d - 7350. What are the prime factors of d?
5, 7
Suppose -5*v + 597 = 5*k - 3*k, 3*v = -2*k + 359. Suppose -4*f + 2*d - 112 = -7*f, -5*d - v = -3*f. What are the prime factors of f?
2, 19
Suppose -6*r + 24*r = 57330. Suppose 4*z + a = r, 0 = 5*z + 2*a - 5*a - 3994. What are the prime factors of z?
797
Let z(s) = 8264*s - 8073. What are the prime factors of z(10)?
74567
Let u(y) be the first derivative of y**3 - 9 - 12*y + 7/2*y**2. List the prime factors of u(5).
2, 7
Suppose 0 = -3*l + 2*l - 2*l. Suppose -2*f + 62 - 22 = l. What are the prime factors of f/15*9/(-6) - -88?
2, 43
Let s be (0*2/2)/(-1). Let i(t) = -52*t + 108*t - 55*t + 21 - 4. List the prime factors of i(s).
17
Let j(s) = -26 - 218*s - 145*s + 27 + 63*s. List the prime factors of j(-1).
7, 43
Let m(r) = -r**2 - 118*r + 379. List the prime factors of m(-59).
2, 5, 193
Suppose -2*n + 125832 = 5*c, 11*c - 10*c - 25158 = n. What are the prime factors of c?
2, 3, 233
Let r(y) = y - 18. Let g be r(5). Let j = g - -66. Suppose 49*m + 676 = j*m. What are the prime factors of m?
13
Suppose -11 = 10*d - 11*d. List the prime factors of 2 + 0 + (-11664)/(-9) + d.
7, 11, 17
Let i = 599 - 596. What are the prime factors of 3 - (-5 + (i - -4) + -124)?
5
Suppose -2093 = -12*n - 9785. Let v = n + 963. List the prime factors of v.
2, 7, 23
Let d(v) = v**3 + 10*v**2 + 7*v - 31. Let h be d(-14). List the prime factors of (-1 - h) + (-352)/44.
2, 113
Suppose 3*s + 4*b = 186, 127 - 3 = 2*s - b. Suppose w + 3 = 5*g + 45, -w + g + s = 0. Let h = w - 43. What are the prime factors of h?
2, 3
Let a = 120 - 104. Let j(h) = -h + 18. Let w be j(a). Suppose 0 = -w*o + 6 + 150. List the prime factors of o.
2, 3, 13
Let w(l) = l**2 - 9*l + 1480. What are the prime factors of w(84)?
2, 5, 389
Let q = -41 + 49. Suppose -q*r - 98 = -9*r. Let m = r - 47. List the prime factors of m.
3, 17
Let n(u) be the first derivative of u**4/4 - 2*u**3 + 18*u**2 - 14*u + 19. What are the prime factors of n(7)?
7, 41
Let k(h) = h**3 - 50*h**2 + 71*h - 183. Let o(n) = -n**3 + 51*n**2 - 68*n + 183. Let j(i) = 4*k(i) + 5*o(i). List the prime factors of j(54).
3, 5
Let l be (-4)/14 + 102/14. Let i(n) = 5*n**2 - 4*n - 56. Let b be i(-5). Suppose b + 933 = l*a. What are the prime factors of a?
2, 73
What are the prime factors of ((-6 - -3) + 2)/(20/(-179080))?
2, 11, 37
What are the prime factors of 3/(-48) - (-13173160)/640?
3, 2287
Suppose -54*t + 319365 = -395825 - 92326. What are the prime factors of t?
2, 7477
Suppose 27*o - 27*o + 1202985 = 95*o. What are the prime factors of o?
3, 7, 67
Suppose 0 = -892*l + 883*l + 27. Suppose -l*d + 3*t = -3018, -38*t + 10 = -43*t. List the prime factors of d.
2, 251
Let j be 16/(-10) - 2/5. Let m = -1693 + 1732. List the prime factors of 4904/28 + (j - m/(-21)).
5, 7
Suppose 2*j + 3*h - 15216 = 0, -8*j - 2*h - 15226 = -10*j. What are the prime factors of j?
3, 43, 59
Let t = -8 - -29. Let v = 256 - 251. Suppose v*q - 125 = f, -3*q + f = -54 - t. What are the prime factors of q?
5
Let b be 5/((-10)/(-4)) - 6. Let l(w) = -17*w - 18*w + 53*w + 7 - 20*w. List the prime factors of l(b).
3, 5
What are the prime factors of 8*((-1181)/8)/1*(18 + -36)?
2, 3, 1181
Let i be (1/(-2))/((-8)/32). Let v be i/8 + (-715)/(-4). List the prime factors of (-2)/6*(2 - v).
59
Let m(c) be the third derivative of 3*c**4 + 13*c**3/3 + 92*c**2. What are the prime factors of m(6)?
2, 229
List the prime factors of 9168/(-6)*(-102)/24.
2, 17, 191
Let s(k) = -10*k**2 - k + 51. Let u be s(-8). Let h = 1104 + u. Let t = -224 + h. List the prime factors of t.
13, 23
Let r(n) = 53 - 7*n**2 - 17*n - 9 - 6*n**2 - 74*n**3 + 75*n**3. What are the prime factors of r(15)?
239
Let z(k) = 10*k + 1. Let h be z(-5). Let r = h + 59. Suppose -q + 2*q + 15 = -4*n, 3*q - r = -n. List the prime factors of q.
5
Let c(n) = 29537*n**3 + n**2 - 71*n + 70. List the prime factors of c(1).
29537
Suppose 4*f + 17 = 13, -3*s + 2*f + 14 = 0. Suppose s*b = -61 + 1241. List the prime factors of b.
5, 59
Suppose -6*f = -f + 1265. Suppose 5*b = -4*j - 508, -2*j - 161 - 93 = 3*b. Let v = j - f. List the prime factors of v.
2, 3, 7
Suppose -5*b = -5*f - 14485, -910 + 9641 = 3*b + 5*f. Let n = b - 1758. Suppose 4*c - 12*c + n = 0. List the prime factors of c.
11, 13
Suppose 5*o + 5*p = 96980, -751*o + 755*o - 77579 = p. What are the prime factors of o?
3, 5, 431
Let w(s) = 30*s**2 - 3*s + 16. Let a be w(6). Let k = a + -399. List the prime factors of ((-2)/7)/((-1)/k).
2, 97
Let i = 30104 - -29627. What are the prime factors of i?
7, 23, 53
Suppose -4*r + 10*k + 432 = 13*k, 5*k = r - 85. Let w = r + 391. What are the prime factors of w?
2, 31
Suppose -x + 14 = -0*x + 3*t, -t = 4*x - 34. Let f(b) = b**3 - 7*b**2 - 10*b - 5. Let g be f(x). List the prime factors of (g/(-2))/(3/28).
2, 7
Let u be 27/6 - 2*2/(-8). Suppose -2*g - 35 = u*f, -g + 4*g = -f - 46. Let t = g + 25. List the prime factors of t.
2, 5
Suppose 